4*j + 0*c = -4*c - 308. What is the units digit of j?
4
Let c be (8 + -4)*(1 + (-3 - -1)). Suppose -l - 46 = -5*i, i + l - 11 = 3*l. Let z = i + c. What is the units digit of z?
5
Let z be 24/9*3*6. Suppose 0*n + z = 3*n. Suppose 5*a = 5*h - 14 - n, 0 = -5*h + a + 22. What is the units digit of h?
4
Suppose 314 + 316 = 9*b. What is the tens digit of b?
7
Let j be -1 - 1 - (-2 + -2). Suppose 2*n - 4*i - 22 = 0, 5*n - 5*i - 43 = -i. Suppose -j*x = -n*x + 95. What is the tens digit of x?
1
Let b be 4 - (0 - -2) - 1. Suppose 0 = -k - b + 7. Suppose -w - c = -k, 2*c - 14 = w - 2*c. What is the units digit of w?
2
Let j be (-4)/(-10)*(3 + 2). Suppose -3*z = -5*z + j. What is the units digit of ((-2)/(-2))/(z/3)?
3
Suppose 0 = -5*u + 5, 2*i - 3*u = -0*i + 5. Suppose 6 = -5*l - 3*g, 4*l + i*g + g + 10 = 0. Suppose -2*p + 4 = -l*p. What is the units digit of p?
2
Let y = 12 - 17. What is the units digit of 9 - -1 - (2 + y)?
3
Let w = -12 - -12. Let h(c) = -c + 21. What is the units digit of h(w)?
1
Let f(x) = 2*x**3 - 3*x**2 + 2*x - 3. Let g be f(2). Suppose g*v + 2*l - 25 = 41, -3*l + 21 = v. What is the tens digit of v?
1
Let w = 20 + -12. What is the units digit of w?
8
Suppose -4*x - s + 9 = 0, -10 = -0*x + 5*x - 3*s. Let h be x - (2 - 2)/(-1). Let d(t) = t**3 + t**2 - t. What is the units digit of d(h)?
1
Let q(p) be the second derivative of 0 + p**2 + p - 1/6*p**3 + 1/12*p**4. What is the units digit of q(2)?
4
Suppose 229 = 5*n - z - 154, -4*z + 239 = 3*n. What is the units digit of n?
7
Suppose f = -3*w + 46 + 142, w = 4*f + 54. What is the units digit of w?
2
Suppose o + 2*o + 3 = 0. What is the units digit of 0 + o - -3*6?
7
What is the tens digit of 1 + (-10)/6 - 38/(-3)?
1
Let j = 3 + -3. Suppose -2*h = -j*h. Suppose h - 35 = -5*a. What is the units digit of a?
7
Let j = 6 + 1. What is the units digit of j?
7
Let r be ((-64)/(-20))/(6/45). Suppose -2*v + 2*m - 6*m + r = 0, 5*m = -5*v + 40. What is the units digit of v?
4
Let h(m) = -20*m - 13. What is the tens digit of h(-8)?
4
Suppose 4 + 11 = 5*y. What is the tens digit of y/3*31 + 3?
3
Suppose -5 - 3 = 4*q - s, 2*q - 10 = -3*s. Let z be (-12)/3 - q*1. Let j = 4 + z. What is the units digit of j?
1
Let g = 198 + 45. What is the hundreds digit of g?
2
Let a(t) = -t**3 + 12*t**2 - 8*t + 3. What is the units digit of a(11)?
6
Let q(o) = -3*o**2 - 21*o + 7. Let n(w) = 2*w**2 + 11*w - 4. Let a(c) = 5*n(c) + 3*q(c). What is the units digit of a(8)?
1
Let v = 4 + -30. Let k = v + 45. What is the units digit of k?
9
Suppose -4*a = -16 - 44. Suppose -4*u + u = -a. Suppose 0 = u*z - j - 4*j - 90, -4*z = 5*j - 27. What is the units digit of z?
3
Suppose -5*u = -2 - 3. Suppose -u + 2 = s. What is the units digit of s?
1
Let l = 15 - 9. Suppose l*f = 4*f + 26. What is the tens digit of f?
1
What is the units digit of 1/(5/(-5950)*-5)?
8
Suppose -2592 = -0*y - 9*y. What is the tens digit of y?
8
Let v(a) = 4*a**2 + a. Let u be v(1). Suppose u*d + 19 = 64. What is the units digit of d?
9
Let d be (-1 - 8)*(-1)/3. Let n be ((-10)/(-6))/((-1)/d). What is the units digit of 72/30 + 2/n?
2
What is the units digit of 4/(-24) + 13/6?
2
Suppose -5*r - 3*l + 32 = -133, -2*l = -5*r + 140. Suppose -6 + r = 3*v. What is the units digit of v?
8
Let g(a) = -41*a + 34. What is the hundreds digit of g(-6)?
2
Suppose 5*q + 1 = -3*w + 22, -3*q + 2*w + 24 = 0. Suppose q*d - d - 35 = 0. What is the units digit of d?
7
Let t be 12/(-16) - (-11)/4. Let o = t + 3. What is the units digit of 7/o*(7 - 2)?
7
Let c = -4 + 7. Let x = c + 18. What is the units digit of 30*(-3 + x/6)?
5
Let m = -36 - -90. What is the units digit of m?
4
Suppose -3*q - w = -151, -3*q - 47 = -4*q - w. What is the units digit of q?
2
Let z(u) = -u**3 + 9*u**2 + 19. What is the tens digit of z(6)?
2
Let z(n) = 2*n**2 - 2*n + 1. Let p(m) = m**3 - m. Let u(l) = -p(l) + z(l). What is the tens digit of u(-2)?
1
Let p(s) be the first derivative of -s**4/4 - 4*s**3/3 + s**2 - s - 3. What is the units digit of p(-5)?
4
Let v = 93 + -39. What is the tens digit of v?
5
Let n(t) = -3 + 5*t**2 + 12*t - 1 - 6*t**2 - 8. Let q be -1*3/3 - -10. What is the units digit of n(q)?
5
Suppose 0*n = 4*n - 260. What is the units digit of n?
5
What is the tens digit of (-16)/72 - (-526)/18?
2
What is the tens digit of 40*((-9)/(-2) - 4)?
2
Let x be (120/9)/2*-3. Let k be ((-2)/5)/(1/x). Let c(l) = 2*l - 10. What is the units digit of c(k)?
6
Let z(r) = -3*r**3 - 5*r**2 + 3*r + 5. What is the tens digit of z(-4)?
0
What is the tens digit of 3 + (74 - (-4 + 1))?
8
Let b = -10 + 13. Suppose b*j = -j. Suppose 4*v = -j*v + 16. What is the units digit of v?
4
Let t = 71 + -44. What is the units digit of (3 - 2)*-1 + t?
6
Suppose -2*d + 4*d - 66 = -5*r, 2*r = 5*d + 9. What is the units digit of r?
2
Suppose 3*n - j = 3, n + 3*j = -4*n + 5. Let r be -2 + n + 2*-1. Let q = r - -7. What is the units digit of q?
4
Suppose -v - s - 22 = -2*v, 5*s = -15. What is the units digit of v?
9
Let a = 8 + -4. Let t(j) = -j**3 - 3*j - 9*j**2 + a*j + 1 + 9*j. What is the units digit of t(-10)?
1
Suppose -o = 6 + 6. Let i be (-2)/8 - 63/o. What is the tens digit of (2/i)/((-4)/(-160))?
1
Let d = 34 - 14. Suppose 0 = -2*x - s + 20, -2*x - 3*s = s - d. What is the units digit of x?
0
Let f be (-4)/(-6)*1*3. What is the tens digit of (f + 8)/(2/3)?
1
Suppose -5*c - 204 = -6*c. What is the units digit of c?
4
Let y be 1/2 - (-4)/8. Suppose -2*j - 2*b = -3*j + 2, 2*b = 0. What is the units digit of y*((-2)/j - -6)?
5
Let j be 4*3/(6/(-10)). Let c = 12 - 7. What is the tens digit of 18/c*j/(-6)?
1
What is the hundreds digit of ((-1 + -563)/1)/(3/(-2))?
3
Suppose -2*g + 3 - 18 = -5*o, -5*o = g. What is the units digit of o - (-3 + (1 - 47))?
0
Let k(x) = x**3 - 2*x**2 - x + 1. Let n be k(3). Suppose n*w = 2*w + 75. What is the units digit of w?
5
Let w be (2/7)/((-5)/(-35)). Suppose -6 = 4*f - 2. What is the units digit of 1*5*w + f?
9
Suppose -2*m - 5*m + 252 = 0. What is the units digit of m?
6
Let b(j) be the first derivative of -j**4/4 + 8*j**3/3 - 3*j**2 - 4*j - 2. What is the units digit of b(7)?
3
Let t(w) = 9*w - 2. Let v be t(3). Let x = -16 + v. What is the units digit of x?
9
Suppose u - 1 = 0, -2*c + 3*c + 5*u = 9. Suppose c*w + 4*a = 28, -5*a - 3 = -5*w - 2*a. What is the units digit of w?
3
Let l = -1 + 5. Let z be (2*-1)/(2/(-6)). Suppose -p + l*y = z, 4*y - 6 + 2 = 2*p. What is the units digit of p?
2
Let b = 14 - 12. What is the tens digit of (-3 - b/(-1)) + 17?
1
Let b(t) = 2*t + 1. Suppose 3*s - 6 = -3*c, 0 = c - 2*c + 3*s + 18. Let y = 7 - c. What is the units digit of b(y)?
3
Let d = 5 + 0. What is the units digit of d?
5
Let i(l) = 3*l - 1. What is the units digit of i(5)?
4
Suppose -8 + 2 = 3*j, -q + 5*j = -54. What is the tens digit of q?
4
Suppose 0 = 4*a + 3*t - 71, 0 = a + 5*t + 1 - 6. Suppose 0*f + a = 5*f. Let q = 8 - f. What is the units digit of q?
4
Let h(r) = -9*r**3 - 2*r**2 - 3*r + 5. Let s(y) = 5*y**3 + y**2 + 2*y - 3. Let z(b) = -3*h(b) - 5*s(b). Suppose 4 = v + 3*v. What is the units digit of z(v)?
2
Suppose -2*y = 2*t - 7*y - 3, 5*t - 55 = 3*y. Let p be t/3 + 2/(-3). Suppose 2*d + p = 6*d. What is the units digit of d?
1
Let c(w) = w - 7. What is the units digit of c(9)?
2
Let z = -248 + 389. What is the tens digit of z?
4
Suppose 5*d = 2*d - 18. Let r(l) = -l**2 - 9*l - 6. What is the tens digit of r(d)?
1
Let r be 2 - (0 + 6 + 1). Let a(t) = t**2 + 3*t - 4. Let c be a(r). Let q(d) = -d**3 + 6*d**2 + 2*d - 4. What is the units digit of q(c)?
8
Let f(o) = -o**2 - 6*o + 2. What is the units digit of f(-5)?
7
Let q be 4 - -1*(-1 + 3). What is the units digit of ((-4)/q)/(1/(-6))?
4
Suppose -1 = z - 2. What is the units digit of z?
1
Suppose 4*i = 7*i - 15. Let f = -5 + 3. Let c = i - f. What is the units digit of c?
7
Suppose 2479 = 17*j + 82. What is the tens digit of j?
4
What is the tens digit of (-18)/30 - (1313/(-5) - 0)?
6
Suppose u - 16 = 13. Suppose 7 = 3*l - u. Let o = l + 0. What is the tens digit of o?
1
Let l be (11 - 5)/(6/4). Suppose 0*h = -h + l. What is the units digit of h?
4
Let g(r) = 30*r - 13. What is the units digit of g(3)?
7
Let a be ((-2)/(-1))/(2/(-8)). Let v(c) = c**2 + 6*c - 7. What is the units digit of v(a)?
9
Let f be (-165)/(-35) - (